{"id":15028,"date":"2021-04-03T15:43:39","date_gmt":"2021-04-03T15:43:39","guid":{"rendered":"https:\/\/probilife.be\/index.php\/product\/synbiotic-spray-400-ml-verlaag-uw-risico-op-allergenen-en-infecties\/"},"modified":"2026-04-15T14:59:48","modified_gmt":"2026-04-15T14:59:48","slug":"synbiotic-spray-400-ml-verlaag-uw-risico-op-allergenen-en-infecties","status":"publish","type":"product","link":"https:\/\/probilife.be\/index.php\/product\/synbiotic-spray-400-ml-verlaag-uw-risico-op-allergenen-en-infecties\/","title":{"rendered":"Synbiotic Spray 400 ml Verlaag uw risico op allergenen en infecties"},"content":{"rendered":"<p>Door de opeenstapeling van ziektekiemen, schimmel, fijn stof, allergenen, slechte geuren en andere ongewenste vervuiling in gebouwen wordt de gezondheid van de inwonenden sterk be\u00efnvloed.<\/p>\n<p>KLINISCH BEWEZEN<\/p>\n<p>Meer dan 10 jaar onderzoek in ziekenhuizen op 12.000 pati\u00ebnten, toonde aan dat oppervlakken bezetten met probiotica aanleiding geeft tot:<\/p>\n<p>Verlaging van risico op ziektekiemen met meer dan 80% permanent.<\/p>\n<p>Verlaging van antibioticaresistentie onder ziektekiemen<\/p>\n<p>54,8% minder infecties<\/p>\n<p>SYNBIO SPRAY is een revolutionaire benadering in de preventie van infecties en allergieproblemen. De werking van het product is gebaseerd op de combinatie van oppervlakte actieve stoffen en probiotica die lange tijd enzymen produceren. Deze enzymen breken organisch vuil (waaronder allergenen) af, waardoor het vuil van het substraat wordt afgescheiden en in opgeloste of collo\u00efdale toestand wordt gebracht en gemakkelijker mechanisch en\/of fysisch te verwijderen is. Bovendien bevat het product prebiotica die een gezonde microflora op oppervlakken stimuleert. Dit product is een reinigingsmiddel en kan niet als biocide worden gebruikt.<\/p>\n<p>HET PRODUCT IS EEN GEBRUIKSKLARE SPUITBUS.<\/p>\n<p>&#8211; Goed schudden voor gebruik.<\/p>\n<p>&#8211; Houd de bus verticaal en bewaar een afstand van +\/- 30cm tussen bus en oppervlak.<\/p>\n<p>&#8211; Vernevel kort (circa 2 seconden per m\u00b2)<\/p>\n<p>&#8211; Laat de nevel langzaam neerdalen op het oppervlak.<\/p>\n<p>&#8211; Zorg dat het oppervlak niet nat wordt.<\/p>\n<p>&#8211; Niet navegen.<\/p>\n","protected":false},"excerpt":{"rendered":"<p><em>een veelzijdige synbiotische spray die ALLE\u00a0 oppervlakken en uw omgeving koloniseert met goede bacteri\u00ebn (probiotica, verrijkt met prebiotica),op basis van 100% natuurlijke ingredi\u00eanten. Dermatologisch getest en met een milieu bevorderlijk effect (de goede bacteri\u00ebn werken langdurig nadat u de ruimte hebt behandeld.<\/em><\/p>\n<p><em>Denk preventief en verlaag uw risico op allergenen en infecties aanzienlijk Voorkomt het risico op onaangename geuren.<\/em><\/p>\n","protected":false},"featured_media":18156,"template":"","meta":[],"product_brand":[],"product_cat":[298,124,203,477],"product_tag":[426,427,434,436,435,438,428,429,439,437,430,433,402,432,425,431],"class_list":{"0":"post-15028","1":"product","2":"type-product","3":"status-publish","4":"has-post-thumbnail","6":"product_cat-home","7":"product_cat-lucht","8":"product_cat-probiotisch-reinigen","9":"product_cat-reinigen-3","10":"product_tag-allergie","11":"product_tag-allergieen","12":"product_tag-allergy-free","13":"product_tag-corona","14":"product_tag-covid19","15":"product_tag-huidproblemen","16":"product_tag-infecties","17":"product_tag-luchtverbeteraar","18":"product_tag-luchtzuivering","19":"product_tag-lysteria","20":"product_tag-mrsa","21":"product_tag-prebiotica","22":"product_tag-probiotica","23":"product_tag-synbio","24":"product_tag-synbiotica","25":"product_tag-ziekenhuisbacterie","27":"first","28":"instock","29":"taxable","30":"shipping-taxable","31":"purchasable","32":"product-type-simple"},"yoast_head":"<!-- This site is optimized with the Yoast SEO plugin v27.4 - https:\/\/yoast.com\/product\/yoast-seo-wordpress\/ -->\n<title>Synbiotic Spray 400 ml Verlaag uw risico op allergenen en infecties - Probilife<\/title>\n<meta name=\"description\" content=\"SYNBIO SPRAY is een revolutionaire benadering in de preventie van infecties en allergieproblemen.\" \/>\n<meta name=\"robots\" content=\"index, follow, max-snippet:-1, max-image-preview:large, max-video-preview:-1\" \/>\n<link rel=\"canonical\" href=\"https:\/\/probilife.be\/index.php\/product\/synbiotic-spray-400-ml-verlaag-uw-risico-op-allergenen-en-infecties\/\" \/>\n<meta property=\"og:locale\" content=\"nl_NL\" \/>\n<meta property=\"og:type\" content=\"article\" \/>\n<meta property=\"og:title\" content=\"Synbiotic Spray 400 ml Verlaag uw risico op allergenen en infecties - Probilife\" \/>\n<meta property=\"og:description\" content=\"SYNBIO SPRAY is een revolutionaire benadering in de preventie van infecties en allergieproblemen.\" \/>\n<meta property=\"og:url\" content=\"https:\/\/probilife.be\/index.php\/product\/synbiotic-spray-400-ml-verlaag-uw-risico-op-allergenen-en-infecties\/\" \/>\n<meta property=\"og:site_name\" content=\"Probilife\" \/>\n<meta property=\"article:modified_time\" content=\"2026-04-15T14:59:48+00:00\" \/>\n<meta property=\"og:image\" content=\"https:\/\/probilife.be\/wp-content\/uploads\/2024\/10\/allergy-free.png\" \/>\n\t<meta property=\"og:image:width\" content=\"376\" \/>\n\t<meta property=\"og:image:height\" content=\"1425\" \/>\n\t<meta property=\"og:image:type\" content=\"image\/png\" \/>\n<meta name=\"twitter:card\" content=\"summary_large_image\" \/>\n<meta name=\"twitter:label1\" content=\"Geschatte leestijd\" \/>\n\t<meta name=\"twitter:data1\" content=\"2 minuten\" \/>\n<script type=\"application\/ld+json\" class=\"yoast-schema-graph\">{\"@context\":\"https:\\\/\\\/schema.org\",\"@graph\":[{\"@type\":\"WebPage\",\"@id\":\"https:\\\/\\\/probilife.be\\\/index.php\\\/product\\\/synbiotic-spray-400-ml-verlaag-uw-risico-op-allergenen-en-infecties\\\/\",\"url\":\"https:\\\/\\\/probilife.be\\\/index.php\\\/product\\\/synbiotic-spray-400-ml-verlaag-uw-risico-op-allergenen-en-infecties\\\/\",\"name\":\"Synbiotic Spray 400 ml Verlaag uw risico op allergenen en infecties - Probilife\",\"isPartOf\":{\"@id\":\"https:\\\/\\\/probilife.be\\\/#website\"},\"primaryImageOfPage\":{\"@id\":\"https:\\\/\\\/probilife.be\\\/index.php\\\/product\\\/synbiotic-spray-400-ml-verlaag-uw-risico-op-allergenen-en-infecties\\\/#primaryimage\"},\"image\":{\"@id\":\"https:\\\/\\\/probilife.be\\\/index.php\\\/product\\\/synbiotic-spray-400-ml-verlaag-uw-risico-op-allergenen-en-infecties\\\/#primaryimage\"},\"thumbnailUrl\":\"https:\\\/\\\/probilife.be\\\/wp-content\\\/uploads\\\/2024\\\/10\\\/allergy-free.png\",\"datePublished\":\"2021-04-03T15:43:39+00:00\",\"dateModified\":\"2026-04-15T14:59:48+00:00\",\"description\":\"SYNBIO SPRAY is een revolutionaire benadering in de preventie van infecties en allergieproblemen.\",\"breadcrumb\":{\"@id\":\"https:\\\/\\\/probilife.be\\\/index.php\\\/product\\\/synbiotic-spray-400-ml-verlaag-uw-risico-op-allergenen-en-infecties\\\/#breadcrumb\"},\"inLanguage\":\"nl-NL\",\"potentialAction\":[{\"@type\":\"ReadAction\",\"target\":[\"https:\\\/\\\/probilife.be\\\/index.php\\\/product\\\/synbiotic-spray-400-ml-verlaag-uw-risico-op-allergenen-en-infecties\\\/\"]}]},{\"@type\":\"ImageObject\",\"inLanguage\":\"nl-NL\",\"@id\":\"https:\\\/\\\/probilife.be\\\/index.php\\\/product\\\/synbiotic-spray-400-ml-verlaag-uw-risico-op-allergenen-en-infecties\\\/#primaryimage\",\"url\":\"https:\\\/\\\/probilife.be\\\/wp-content\\\/uploads\\\/2024\\\/10\\\/allergy-free.png\",\"contentUrl\":\"https:\\\/\\\/probilife.be\\\/wp-content\\\/uploads\\\/2024\\\/10\\\/allergy-free.png\",\"width\":376,\"height\":1425},{\"@type\":\"BreadcrumbList\",\"@id\":\"https:\\\/\\\/probilife.be\\\/index.php\\\/product\\\/synbiotic-spray-400-ml-verlaag-uw-risico-op-allergenen-en-infecties\\\/#breadcrumb\",\"itemListElement\":[{\"@type\":\"ListItem\",\"position\":1,\"name\":\"Home\",\"item\":\"https:\\\/\\\/probilife.be\\\/\"},{\"@type\":\"ListItem\",\"position\":2,\"name\":\"Shop\",\"item\":\"https:\\\/\\\/probilife.be\\\/index.php\\\/shop-2\\\/\"},{\"@type\":\"ListItem\",\"position\":3,\"name\":\"Synbiotic Spray 400 ml Verlaag uw risico op allergenen en infecties\"}]},{\"@type\":\"WebSite\",\"@id\":\"https:\\\/\\\/probilife.be\\\/#website\",\"url\":\"https:\\\/\\\/probilife.be\\\/\",\"name\":\"Probilife\",\"description\":\"met de kracht uit de natuur \u2014 Synbiotische reinigingsproducten. voor een gezonde omgeving.\",\"publisher\":{\"@id\":\"https:\\\/\\\/probilife.be\\\/#\\\/schema\\\/person\\\/17e2061316a26c3d1ce0ce47ed7b7cbb\"},\"potentialAction\":[{\"@type\":\"SearchAction\",\"target\":{\"@type\":\"EntryPoint\",\"urlTemplate\":\"https:\\\/\\\/probilife.be\\\/?s={search_term_string}\"},\"query-input\":{\"@type\":\"PropertyValueSpecification\",\"valueRequired\":true,\"valueName\":\"search_term_string\"}}],\"inLanguage\":\"nl-NL\"},{\"@type\":[\"Person\",\"Organization\"],\"@id\":\"https:\\\/\\\/probilife.be\\\/#\\\/schema\\\/person\\\/17e2061316a26c3d1ce0ce47ed7b7cbb\",\"name\":\"Jurgen\",\"image\":{\"@type\":\"ImageObject\",\"inLanguage\":\"nl-NL\",\"@id\":\"https:\\\/\\\/secure.gravatar.com\\\/avatar\\\/144a5931131da7f5efbe7b7f3de2f7e994587161add332c8ca0914df943c9f02?s=96&d=mm&r=g\",\"url\":\"https:\\\/\\\/secure.gravatar.com\\\/avatar\\\/144a5931131da7f5efbe7b7f3de2f7e994587161add332c8ca0914df943c9f02?s=96&d=mm&r=g\",\"contentUrl\":\"https:\\\/\\\/secure.gravatar.com\\\/avatar\\\/144a5931131da7f5efbe7b7f3de2f7e994587161add332c8ca0914df943c9f02?s=96&d=mm&r=g\",\"caption\":\"Jurgen\"},\"logo\":{\"@id\":\"https:\\\/\\\/secure.gravatar.com\\\/avatar\\\/144a5931131da7f5efbe7b7f3de2f7e994587161add332c8ca0914df943c9f02?s=96&d=mm&r=g\"}}]}<\/script>\n<!-- \/ Yoast SEO plugin. -->","yoast_head_json":{"title":"Synbiotic Spray 400 ml Verlaag uw risico op allergenen en infecties - Probilife","description":"SYNBIO SPRAY is een revolutionaire benadering in de preventie van infecties en allergieproblemen.","robots":{"index":"index","follow":"follow","max-snippet":"max-snippet:-1","max-image-preview":"max-image-preview:large","max-video-preview":"max-video-preview:-1"},"canonical":"https:\/\/probilife.be\/index.php\/product\/synbiotic-spray-400-ml-verlaag-uw-risico-op-allergenen-en-infecties\/","og_locale":"nl_NL","og_type":"article","og_title":"Synbiotic Spray 400 ml Verlaag uw risico op allergenen en infecties - Probilife","og_description":"SYNBIO SPRAY is een revolutionaire benadering in de preventie van infecties en allergieproblemen.","og_url":"https:\/\/probilife.be\/index.php\/product\/synbiotic-spray-400-ml-verlaag-uw-risico-op-allergenen-en-infecties\/","og_site_name":"Probilife","article_modified_time":"2026-04-15T14:59:48+00:00","og_image":[{"width":376,"height":1425,"url":"https:\/\/probilife.be\/wp-content\/uploads\/2024\/10\/allergy-free.png","type":"image\/png"}],"twitter_card":"summary_large_image","twitter_misc":{"Geschatte leestijd":"2 minuten"},"schema":{"@context":"https:\/\/schema.org","@graph":[{"@type":"WebPage","@id":"https:\/\/probilife.be\/index.php\/product\/synbiotic-spray-400-ml-verlaag-uw-risico-op-allergenen-en-infecties\/","url":"https:\/\/probilife.be\/index.php\/product\/synbiotic-spray-400-ml-verlaag-uw-risico-op-allergenen-en-infecties\/","name":"Synbiotic Spray 400 ml Verlaag uw risico op allergenen en infecties - Probilife","isPartOf":{"@id":"https:\/\/probilife.be\/#website"},"primaryImageOfPage":{"@id":"https:\/\/probilife.be\/index.php\/product\/synbiotic-spray-400-ml-verlaag-uw-risico-op-allergenen-en-infecties\/#primaryimage"},"image":{"@id":"https:\/\/probilife.be\/index.php\/product\/synbiotic-spray-400-ml-verlaag-uw-risico-op-allergenen-en-infecties\/#primaryimage"},"thumbnailUrl":"https:\/\/probilife.be\/wp-content\/uploads\/2024\/10\/allergy-free.png","datePublished":"2021-04-03T15:43:39+00:00","dateModified":"2026-04-15T14:59:48+00:00","description":"SYNBIO SPRAY is een revolutionaire benadering in de preventie van infecties en allergieproblemen.","breadcrumb":{"@id":"https:\/\/probilife.be\/index.php\/product\/synbiotic-spray-400-ml-verlaag-uw-risico-op-allergenen-en-infecties\/#breadcrumb"},"inLanguage":"nl-NL","potentialAction":[{"@type":"ReadAction","target":["https:\/\/probilife.be\/index.php\/product\/synbiotic-spray-400-ml-verlaag-uw-risico-op-allergenen-en-infecties\/"]}]},{"@type":"ImageObject","inLanguage":"nl-NL","@id":"https:\/\/probilife.be\/index.php\/product\/synbiotic-spray-400-ml-verlaag-uw-risico-op-allergenen-en-infecties\/#primaryimage","url":"https:\/\/probilife.be\/wp-content\/uploads\/2024\/10\/allergy-free.png","contentUrl":"https:\/\/probilife.be\/wp-content\/uploads\/2024\/10\/allergy-free.png","width":376,"height":1425},{"@type":"BreadcrumbList","@id":"https:\/\/probilife.be\/index.php\/product\/synbiotic-spray-400-ml-verlaag-uw-risico-op-allergenen-en-infecties\/#breadcrumb","itemListElement":[{"@type":"ListItem","position":1,"name":"Home","item":"https:\/\/probilife.be\/"},{"@type":"ListItem","position":2,"name":"Shop","item":"https:\/\/probilife.be\/index.php\/shop-2\/"},{"@type":"ListItem","position":3,"name":"Synbiotic Spray 400 ml Verlaag uw risico op allergenen en infecties"}]},{"@type":"WebSite","@id":"https:\/\/probilife.be\/#website","url":"https:\/\/probilife.be\/","name":"Probilife","description":"met de kracht uit de natuur \u2014 Synbiotische reinigingsproducten. voor een gezonde omgeving.","publisher":{"@id":"https:\/\/probilife.be\/#\/schema\/person\/17e2061316a26c3d1ce0ce47ed7b7cbb"},"potentialAction":[{"@type":"SearchAction","target":{"@type":"EntryPoint","urlTemplate":"https:\/\/probilife.be\/?s={search_term_string}"},"query-input":{"@type":"PropertyValueSpecification","valueRequired":true,"valueName":"search_term_string"}}],"inLanguage":"nl-NL"},{"@type":["Person","Organization"],"@id":"https:\/\/probilife.be\/#\/schema\/person\/17e2061316a26c3d1ce0ce47ed7b7cbb","name":"Jurgen","image":{"@type":"ImageObject","inLanguage":"nl-NL","@id":"https:\/\/secure.gravatar.com\/avatar\/144a5931131da7f5efbe7b7f3de2f7e994587161add332c8ca0914df943c9f02?s=96&d=mm&r=g","url":"https:\/\/secure.gravatar.com\/avatar\/144a5931131da7f5efbe7b7f3de2f7e994587161add332c8ca0914df943c9f02?s=96&d=mm&r=g","contentUrl":"https:\/\/secure.gravatar.com\/avatar\/144a5931131da7f5efbe7b7f3de2f7e994587161add332c8ca0914df943c9f02?s=96&d=mm&r=g","caption":"Jurgen"},"logo":{"@id":"https:\/\/secure.gravatar.com\/avatar\/144a5931131da7f5efbe7b7f3de2f7e994587161add332c8ca0914df943c9f02?s=96&d=mm&r=g"}}]}},"jetpack_sharing_enabled":true,"_links":{"self":[{"href":"https:\/\/probilife.be\/index.php\/wp-json\/wp\/v2\/product\/15028","targetHints":{"allow":["GET"]}}],"collection":[{"href":"https:\/\/probilife.be\/index.php\/wp-json\/wp\/v2\/product"}],"about":[{"href":"https:\/\/probilife.be\/index.php\/wp-json\/wp\/v2\/types\/product"}],"version-history":[{"count":1,"href":"https:\/\/probilife.be\/index.php\/wp-json\/wp\/v2\/product\/15028\/revisions"}],"predecessor-version":[{"id":17756,"href":"https:\/\/probilife.be\/index.php\/wp-json\/wp\/v2\/product\/15028\/revisions\/17756"}],"wp:featuredmedia":[{"embeddable":true,"href":"https:\/\/probilife.be\/index.php\/wp-json\/wp\/v2\/media\/18156"}],"wp:attachment":[{"href":"https:\/\/probilife.be\/index.php\/wp-json\/wp\/v2\/media?parent=15028"}],"wp:term":[{"taxonomy":"product_brand","embeddable":true,"href":"https:\/\/probilife.be\/index.php\/wp-json\/wp\/v2\/product_brand?post=15028"},{"taxonomy":"product_cat","embeddable":true,"href":"https:\/\/probilife.be\/index.php\/wp-json\/wp\/v2\/product_cat?post=15028"},{"taxonomy":"product_tag","embeddable":true,"href":"https:\/\/probilife.be\/index.php\/wp-json\/wp\/v2\/product_tag?post=15028"}],"curies":[{"name":"wp","href":"https:\/\/api.w.org\/{rel}","templated":true}]}}